4.
46
What is the greatest common factor of 18 and 2601?
9
Calculate the greatest common divisor of 95 and 47880.
95
What is the greatest common factor of 189 and 672?
21
Calculate the greatest common divisor of 440 and 1705.
55
What is the highest common factor of 339 and 99?
3
What is the highest common factor of 540 and 4428?
108
Calculate the greatest common factor of 182 and 78.
26
Calculate the greatest common divisor of 605 and 4114.
121
What is the greatest common factor of 8 and 776?
8
Calculate the greatest common factor of 186 and 30.
6
What is the highest common divisor of 13760 and 560?
80
Calculate the highest common factor of 1470 and 140.
70
What is the highest common divisor of 138 and 6?
6
What is the highest common divisor of 1460 and 3285?
365
What is the highest common divisor of 25 and 675?
25
Calculate the highest common divisor of 2708 and 4.
4
What is the greatest common factor of 27 and 4?
1
What is the greatest common factor of 4355 and 65?
65
Calculate the greatest common factor of 3454 and 22.
22
What is the greatest common factor of 217 and 35?
7
Calculate the highest common factor of 14080 and 264.
88
What is the highest common divisor of 2 and 147?
1
Calculate the greatest common divisor of 725 and 50.
25
Calculate the highest common divisor of 8 and 1412.
4
Calculate the highest common divisor of 147 and 343.
49
Calculate the highest common divisor of 176 and 25608.
88
Calculate the greatest common factor of 84 and 24612.
84
Calculate the highest common factor of 2825 and 113.
113
Calculate the greatest common divisor of 638 and 232.
58
Calculate the highest common divisor of 3168 and 99.
99
Calculate the highest common divisor of 923 and 852.
71
Calculate the greatest common factor of 1378 and 130.
26
What is the greatest common factor of 418 and 37411?
209
What is the highest common factor of 702 and 9?
9
Calculate the highest common factor of 62 and 11222.
62
Calculate the highest common divisor of 297 and 231.
33
Calculate the greatest common factor of 1590 and 10.
10
Calculate the greatest common factor of 22 and 9460.
22
Calculate the highest common factor of 122 and 488.
122
What is the highest common factor of 1695 and 120?
15
Calculate the highest common factor of 520 and 32.
8
What is the highest common factor of 6540 and 240?
60
What is the greatest common factor of 1082 and 2?
2
Calculate the highest common divisor of 45 and 549.
9
Calculate the greatest common divisor of 230 and 138.
46
What is the highest common divisor of 2290 and 10?
10
Calculate the highest common factor of 10 and 410.
10
What is the greatest common divisor of 62 and 124?
62
What is the greatest common divisor of 116 and 4?
4
What is the greatest common divisor of 20 and 310?
10
Calculate the highest common divisor of 741 and 4617.
57
What is the highest common divisor of 1305 and 135?
45
Calculate the greatest common divisor of 5 and 95.
5
Calculate the greatest common divisor of 3024 and 24.
24
Calculate the greatest common factor of 68 and 102.
34
What is the highest common factor of 200 and 616?
8
Calculate the highest common factor of 72 and 9.
9
Calculate the greatest common factor of 120 and 72.
24
Calculate the highest common divisor of 288 and 2080.
32
Calculate the highest common factor of 110 and 4576.
22
What is the highest common divisor of 20 and 144?
4
Calculate the highest common divisor of 312 and 24.
24
What is the highest common divisor of 710 and 30?
10
Calculate the greatest common divisor of 73 and 31463.
73
Calculate the highest common divisor of 300 and 60.
60
What is the highest common factor of 5 and 30?
5
Calculate the highest common factor of 224 and 84.
28
What is the greatest common divisor of 84 and 20?
4
Calculate the highest common factor of 341 and 99.
11
Calculate the greatest common divisor of 54 and 117.
9
What is the highest common factor of 105 and 15?
15
What is the greatest common divisor of 1617 and 42?
21
What is the greatest common factor of 4342 and 26?
26
What is the highest common factor of 1188 and 60?
12
What is the highest common divisor of 32 and 40?
8
What is the greatest common divisor of 1446 and 14219?
241
What is the highest common divisor of 168 and 560?
56
Calculate the greatest common divisor of 8215 and 3445.
265
Calculate the greatest common factor of 570 and 45.
15
Calculate the highest common factor of 151 and 21.
1
What is the greatest common divisor of 544 and 352?
32
Calculate the highest common factor of 28 and 476.
28
What is the highest common divisor of 190 and 855?
95
Calculate the highest common divisor of 13 and 39.
13
What is the greatest common factor of 15426 and 18?
18
Calculate the greatest common divisor of 141 and 3572.
47
What is the greatest common divisor of 528 and 8217?
33
What is the greatest common divisor of 76 and 1596?
76
Calculate the greatest common divisor of 399 and 273.
21
Calculate the greatest common divisor of 16 and 244.
4
Calculate the greatest common factor of 36 and 312.
12
What is the highest common factor of 140 and 350?
70
Calculate the highest common factor of 143 and 312.
13
Calculate the highest common factor of 2828 and 21.
7
What is the highest common factor of 50 and 410?
10
Calculate the greatest common factor of 264 and 33.
33
Calculate the highest common factor of 3111 and 969.
51
Calculate the greatest common divisor of 88 and 1408.
88
What is the highest common divisor of 360 and 45?
45
What is the highest common divisor of 1565 and 110?
5
Calculate the highest common factor of 333 and 1443.
111
Calculate the greatest common factor of 381 and 254.
127
Calculate the greatest common divisor of 18996 and 12.
12
Calculate the greatest common divisor of 9 and 1728.
9
What is the highest common divisor of 9 and 6?
3
What is the greatest common divisor of 6255 and 9?
9
Calculate the greatest common factor of 300 and 2892.
12
Calculate the highest common divisor of 1240 and 9145.
155
Calculate the highest common factor of 650 and 104.
26
Calculate the greatest common divisor of 3048 and 24.
24
Calculate the highest common factor of 44 and 220.
44
What is the highest common factor of 1062 and 144?
18
Calculate the highest common divisor of 621 and 759.
69
What is the greatest common divisor of 102 and 18666?
102
Calculate the greatest common divisor of 32 and 10.
2
What is the greatest common factor of 73 and 803?
73
Calculate the highest common divisor of 260 and 30.
10
Calculate the highest common divisor of 48 and 156.
12
Calculate the greatest common factor of 306 and 14841.
153
Calculate the highest common divisor of 56 and 70.
14
What is the highest common divisor of 1 and 281?
1
Calculate the greatest common factor of 874 and 114.
38
Calculate the greatest common factor of 42 and 1785.
21
Calculate the highest common divisor of 14 and 1582.
14
Calculate the greatest common divisor of 40 and 320.
40
What is the highest common divisor of 1384 and 8?
8
What is the greatest common divisor of 30 and 390?
30
Calculate the greatest common factor of 13 and 1703.
13
What is the greatest common factor of 28 and 188?
4
What is the greatest common divisor of 726 and 132?
66
Calculate the highest common divisor of 106 and 60314.
106
What is the greatest common divisor of 600 and 7350?
150
Calculate the greatest common factor of 9368 and 4.
4
What is the highest common factor of 969 and 57?
57
Calculate the highest common factor of 70 and 329.
7
What is the greatest common factor of 14 and 49?
7
Calculate the highest common factor of 39 and 6.
3
Calculate the greatest common divisor of 99 and 50292.
99
Calculate the highest common divisor of 1554 and 126.
42
Calculate the greatest common divisor of 18 and 300.
6
Calculate the greatest common factor of 251 and 4267.
251
Calculate the greatest common factor of 9638 and 244.
122
Calculate the greatest common divisor of 28 and 2674.
14
Calculate the highest common factor of 936 and 1026.
18
Calculate the greatest common factor of 2808 and 728.
104
What is the greatest common factor of 48 and 32?
16
What is the highest common factor of 57076 and 76?
76
What is the greatest common divisor of 188 and 4?
4
What is the greatest common factor of 18 and 438?
6
What is the greatest comm